
True
Is 189481 a prime number?
False
Is 182635 a prime number?
False
Is 12643 prime?
False
Is 3985 composite?
True
Is 195927 prime?
False
Is 2437 a prime number?
True
Is 40739 a prime number?
True
Is 16811 composite?
False
Is 510607 composite?
True
Is 1340083 a prime number?
True
Is 796447 prime?
True
Is 999883 a prime number?
True
Is 3455 prime?
False
Is 7661 a composite number?
True
Is 22247 a prime number?
True
Is 20051 a composite number?
False
Is 15487 composite?
True
Is 4717 prime?
False
Is 19739 a composite number?
False
Is 4143 a prime number?
False
Is 187861 prime?
True
Is 101945 a composite number?
True
Is 836321 a composite number?
True
Is 24809 composite?
False
Is 30011 a prime number?
True
Is 7873531 composite?
False
Is 584627 composite?
False
Is 1923 prime?
False
Is 56143 a prime number?
False
Is 21037 prime?
False
Is 51734 a composite number?
True
Is 299037 a prime number?
False
Is 45907 a prime number?
False
Is 30911 a prime number?
True
Is 30499 a prime number?
False
Is 781 a prime number?
False
Is 121843 prime?
True
Is 639137 a prime number?
True
Is 39583 prime?
False
Is 62513 a prime number?
False
Is 5077 composite?
False
Is 22549 prime?
True
Is 7031 a prime number?
False
Is 49169 prime?
True
Is 382895 composite?
True
Is 459593 a composite number?
False
Is 74113 prime?
False
Is 42493 composite?
True
Is 543767 prime?
False
Is 690785 a composite number?
True
Is 15791 a composite number?
False
Is 41087 prime?
False
Is 721977 composite?
True
Is 57733 composite?
True
Is 163403 prime?
True
Is 32017 prime?
False
Is 16613 a composite number?
True
Is 70519 composite?
True
Is 110119 prime?
True
Is 8467 prime?
True
Is 6119 prime?
False
Is 3271 a composite number?
False
Is 47933 prime?
True
Is 2138 a composite number?
True
Is 230558 prime?
False
Is 24646 composite?
True
Is 3119 a composite number?
False
Is 1249 a prime number?
True
Is 1477 a prime number?
False
Is 10007 a prime number?
True
Is 1039 prime?
True
Is 2911 a composite number?
True
Is 5316985 prime?
False
Is 4169 a prime number?
False
Is 15097 a composite number?
True
Is 5720005 prime?
False
Is 91513 a prime number?
True
Is 390751 composite?
False
Is 1912061 a prime number?
True
Is 222383 composite?
True
Is 411311 composite?
False
Is 6353 composite?
False
Is 151222 a composite number?
True
Is 493 a prime number?
False
Is 6449 composite?
False
Is 22891 prime?
False
Is 309369 composite?
True
Is 232451 prime?
True
Is 4258 a composite number?
True
Is 84055 a composite number?
True
Is 52837 prime?
True
Is 36913 a composite number?
False
Is 8219 prime?
True
Is 343411 composite?
False
Is 110681 composite?
False
Is 52411 prime?
False
Is 841 a prime number?
False
Is 99887 a prime number?
False
Is 29009 a composite number?
False
Is 208061 composite?
True
Is 397541 composite?
False
Is 139021 prime?
True
Is 31277 a prime number?
True
Is 1172893 prime?
True
Is 401389 a composite number?
True
Is 124471 a composite number?
False
Is 14054 prime?
False
Is 54959 a prime number?
True
Is 2099 a prime number?
True
Is 33061 a prime number?
False
Is 683491 composite?
True
Is 1271449 prime?
True
Is 15689 composite?
True
Is 316951 a prime number?
True
Is 130937 a prime number?
False
Is 109673 prime?
True
Is 47777 composite?
False
Is 1170857 composite?
False
Is 6547 a prime number?
True
Is 58451 composite?
False
Is 17881 prime?
True
Is 58879 prime?
False
Is 37 prime?
True
Is 30467 prime?
True
Is 74197 a composite number?
False
Is 831 composite?
True
Is 31 a prime number?
True
Is 22213 a prime number?
False
Is 32141 composite?
False
Is 152371 a prime number?
False
Is 17041 composite?
False
Is 11443 composite?
False
Is 1171 composite?
False
Is 95533 a prime number?
False
Is 1628689 composite?
False
Is 379 a composite number?
False
Is 25769 prime?
False
Is 2459 a composite number?
False
Is 7103 prime?
True
Is 100057 composite?
False
Is 262443 prime?
False
Is 59183 composite?
False
Is 30215 a composite number?
True
Is 34735 a composite number?
True
Is 383489 a composite number?
False
Is 628321 a composite number?
True
Is 1513 composite?
True
Is 564557 composite?
True
Is 136057 prime?
True
Is 377354 composite?
True
Is 84893 a prime number?
False
Is 348123 a composite number?
True
Is 60191 composite?
True
Is 32459 a prime number?
False
Is 7621 composite?
False
Is 168989 a composite number?
True
Is 6737 a prime number?
True
Is 14047 a prime number?
False
Is 2183 composite?
True
Is 25901 a prime number?
False
Is 535763 a prime number?
False
Is 96293 composite?
False
Is 4269 a prime number?
False
Is 57989 a composite number?
True
Is 205319 composite?
False
Is 877 composite?
False
Is 19231 prime?
True
Is 7229 composite?
False
Is 55135 a composite number?
True
Is 866657 composite?
True
Is 471641 composite?
False
Is 24697 a composite number?
False
Is 53771 prime?
False
Is 17957 composite?
False
Is 2707 a composite number?
False
Is 1558129 prime?
True
Is 1538 composite?
True
Is 1141681 prime?
False
Is 2893 a prime number?
False
Is 8923 prime?
True
Is 20863 a prime number?
False
Is 2634761 a prime number?
True
Is 727126 a prime number?
False
Is 509711 a prime number?
False
Is 9023 composite?
True
Is 40787 a composite number?
False
Is 47321 prime?
False
Is 6803 a prime number?
True
Is 13499 a prime number?
True
Is 8063 a prime number?
False
Is 2518 composite?
True
Is 97639 a composite number?
True
Is 2083573 composite?
False
Is 493517 a prime number?
False
Is 38443 composite?
True
Is 1259627 prime?
True
Is 315691 a prime number?
True
Is 43753 a prime number?
True
Is 10099 a prime number?
True
Is 1729169 prime?
False
Is 387037 prime?
False
Is 17509 prime?
True
Is 1253137 a prime number?
True
Is 1466633 a prime number?
False
Is 27989 a prime number?
False
Is 19297 a composite number?
True
Is 136763 a composite number?
True
Is 2119 prime?
False
Is 72799 prime?
False
Is 28907 a prime number?
False
Is 459247 a composite number?
True
Is 2213 a composite number?
False
Is 5488079 a prime number?
False
Is 6779 a prime number?
True
Is 67559 composite?
False
Is 57029 a composite number?
True
Is 8749 a composite number?
True
Is 10637 prime?
False
Is 52919 prime?
True
Is 550831 composite?
False
Is 40673 composite?
True
Is 100055 a prime number?
False
Is 152135 composite?
True
Is 8539 a composite number?
False
Is 149893 a prime number?
True
Is 655043 a prime number?
True
Is 2467 a prime number?
True
Is 113747 a prime number?
False
Is 115633 a composite number?
True
Is 48397 composite?
False
Is 791773 prime?
True
Is 56261 composite?
True
Is 22738 prime?
False
Is 80737 a prime number?
True
Is 118097 a composite number?
True
Is 103561 a prime number?
True
Is 270877 composite?
True
Is 6119 composite?
True
Is 251 a composite number?
False
Is 266991 prime?
False
Is 136423 composite?
True
Is 673 a prime number?
True
Is 7379 composite?
True
Is 8033 composite?
True
Is 1931 a composite number?
False
Is 1543 a composite number?
False
Is 43033 composite?
True
Is 80651 a prime number?
True
Is 1117 a prime number?
True
Is 20849 prime?
True
Is 997145 a composite number?
True
Is 818 composite?
True
Is 94033 prime?
True
Is 6499 a composite number?
True
Is 10049 a prime number?
False
Is 101399 prime?
True
Is 1332809 a prime number?
False
Is 521 a composite number?
False
Is 227627 a composite number?
False
Is 4699 composite?
True
Is 299371 a prime number?
True
Is 12713 a composite number?
False
Is 18931 composite?
True
Is 26987 a composite number?
False
Is 317 a prime number?
True
Is 112831 composite?
False
Is 20957 a prime number?
False
Is 15013 prime?
True
Is 87833 composite?
False
Is 896899 a prime number?
False
Is 1237 composite?
False
Is 89237 a composite number?
False
Is 582203 a prime number?
True
Is 9987 prime?
False
Is 25439 a composite number?
False
Is 64123 a prime number?
True
Is 4621 prime?
True
Is 54221 prime?
False
Is 3601 prime?
False
Is 429953 composite?
False
Is 658349 composite?
False
Is 9287 a prime number?
False
Is 251 prime?
True
Is 400271 composite?
True
Is 5981 composite?
False
Is 3999657 composite?
True
Is 8045 a composite number?
True
Is 334471 prime?
False
Is 3864403 a composite number?
False
Is 324733 composite?
False
Is 74821 a composite number?
False
Is 1329391 composite?
True
Is 71593 a prime number?
True
Is 485